5.
3cbbc1
Convert 16ab7 (base 13) to base 10.
43583
What is -163965 (base 11) in base 7?
-2105446
Convert 16801 (base 14) to base 12.
28801
What is 4009598 (base 10) in base 7?
46036535
What is 5b1c07 (base 13) in base 6?
114340500
1199c1 (base 16) to base 13
315039
97885 (base 10) to base 2
10111111001011101
Convert -11233011 (base 4) to base 3.
-1012020010
What is 13227241 (base 8) in base 16?
2d2ea1
Convert -14314502 (base 6) to base 11.
-306902
What is -7c9a50 (base 15) in base 12?
-1bb27a9
202111101222 (base 3) to base 2
1100010011111101001
Convert -789269 (base 10) to base 14.
-1678c5
Convert 50543111 (base 6) to base 11.
8a7253
What is -72052 (base 9) in base 13?
-18788
41ac8 (base 16) to base 2
1000001101011001000
What is 3b0be1 (base 16) in base 4?
32300233201
1e4fae (base 16) to base 6
110324354
230201111 (base 4) to base 6
3524125
What is -3043203 (base 7) in base 4?
-1120302201
-37031 (base 13) to base 3
-12010200112
What is -1111001000000001111 (base 2) in base 6?
-14342331
1a43c5 (base 16) to base 13
483617
What is 846e2 (base 15) in base 2?
1100110100011011110
What is 3c10d (base 15) in base 5?
22130423
Convert -10222111100 (base 3) to base 10.
-78363
8a996 (base 12) to base 3
100101012020
What is 111211323 (base 4) in base 16?
1597b
Convert 93370 (base 16) to base 14.
119a6c
What is 101241134 (base 5) in base 12?
180315
-211111111100220 (base 3) to base 5
-11030113300
321400431 (base 6) to base 16
569e63
What is 6936a (base 13) in base 7?
1425664
100011111000100000 (base 2) to base 5
14200401
Convert -226b8 (base 16) to base 9.
-234348
Convert 2520376 (base 8) to base 2.
10101010000011111110
-8aaa3 (base 14) to base 5
-41234441
Convert 45326a (base 12) to base 13.
2c89b4
Convert -34324 (base 12) to base 6.
-1254044
What is 17a568 (base 11) in base 7?
2234055
What is 13554 (base 13) in base 3?
1211110210
Convert -2334333 (base 6) to base 12.
-5a3a9
What is -1222021210 (base 4) in base 5?
-102403123
What is -1333123 (base 5) in base 14?
-9d32
Convert -2211011120110 (base 3) to base 5.
-340433431
Convert -123430324 (base 6) to base 8.
-11153754
What is -7602be (base 16) in base 4?
-131200022332
What is 445744 (base 10) in base 16?
6cd30
Convert -12255214 (base 6) to base 14.
-a4694
-d1a (base 16) to base 11
-257a
Convert 1dc66 (base 14) to base 5.
4422110
What is -21320134 (base 6) in base 12?
-26604a
20ba7c (base 16) to base 15
2c57cc
What is -5117017 (base 8) in base 2?
-101001001111000001111
Convert -2112101113 (base 4) to base 9.
-1137281
Convert -9b6b7 (base 13) to base 9.
-470315
Convert -53d9a (base 15) to base 3.
-111112022201
-4118001 (base 10) to base 2
-1111101101010111110001
Convert 3115222 (base 6) to base 2.
100100101010111110
What is 190135a (base 11) in base 10?
3222779
47ba09 (base 13) to base 16
1a1b75
-60030 (base 12) to base 3
-20022201100
-49259 (base 11) to base 7
-413362
What is 122000122101121 (base 3) in base 10?
9047176
What is -212112102221200 (base 3) in base 6?
-1124024413
344431413 (base 5) to base 3
2221022221201
181776 (base 11) to base 13
9a854
Convert -404424014 (base 5) to base 10.
-1639259
What is 20022121200 (base 3) in base 6?
2355500
Convert -221204 (base 8) to base 7.
-426554
Convert -1062064 (base 8) to base 3.
-112121210010
What is -12112122 (base 5) in base 3?
-12202120110
Convert -141b115 (base 14) to base 16.
-94c48f
Convert -571849 (base 11) to base 3.
-1201020102012
What is 138a (base 11) in base 14?
920
What is 100220002121 (base 3) in base 6?
4101241
What is a0143 (base 14) in base 9?
645277
8212417 (base 9) to base 4
100230312001
Convert 47767 (base 12) to base 5.
11034002
What is 30b20 (base 13) in base 8?
253020
Convert 1c7ac (base 14) to base 12.
36204
What is 16723 (base 12) in base 4?
13312023
-1211100121010 (base 3) to base 6
-32453303
Convert b77726 (base 13) to base 8.
20317710
What is 4041717 (base 8) in base 13?
2b4240
Convert -315211 (base 6) to base 11.
-1840a
Convert 1001000010101110 (base 2) to base 14.
d6d8
Convert 215641 (base 9) to base 15.
28287
Convert 945ab2 (base 14) to base 12.
1817310
Convert 101011101000001111 (base 2) to base 15.
37e38
Convert 81051 (base 13) to base 15.
48586
Convert -7b60b5 (base 14) to base 3.
-21220120202111
What is -15213555 (base 6) in base 14?
-db6b5
-9b115 (base 12) to base 9
-343258
What is 4742633 (base 8) in base 4?
10330112123
Convert -3753a3 (base 12) to base 4.
-3123323223
What is 7803823 (base 9) in base 16?
400407
Convert 3125054 (base 6) to base 11.
a3872
Convert 103140231 (base 6) to base 14.
359c27
Convert 22303014 (base 5) to base 14.
51c5d
12845a9 (base 12) to base 4
31330321101
What is -1037671 (base 9) in base 10?
-556777
25552 (base 11) to base 6
441235
What is 110001100000101110 (base 2) in base 11?
129402
What is 1004440 (base 9) in base 13?
159501
Convert 1100011101101000110 (base 2) to base 3.
202202012120
Convert 10011111100011010110110 (base 2) to base 3.
100211121202120
-11010011010001001110010 (base 2) to base 4
-122122021302
Convert -32304332 (base 5) to base 9.
-460033
-1e3b3 (base 15) to base 12
-49166
Convert 2531738 (base 9) to base 13.
39397a
Convert -200303000 (base 5) to base 6.
-24542012
4886d (base 15) to base 4
320133223
Convert 355467 (base 8) to base 12.
5a49b
What is -60fc3 (base 16) in base 11?
-251508
Convert -119691 (base 11) to base 4.
-232001101
-1800ee (base 16) to base 15
-211187
174873 (base 9) to base 8
324076
What is 2202151 (base 7) in base 14?
703d1
c0d7 (base 15) to base 8
117376
What is -1004331331 (base 5) in base 15?
-2a0946
Convert -131210333 (base 4) to base 3.
-20011012002
1115224 (base 8) to base 3
120022212200
Convert 22000200111 (base 3) to base 15.
31c0d
What is 12202101021020 (base 3) in base 7?
34665321
-19495aa (base 11) to base 13
-8b36cc
Convert -10000221111 (base 3) to base 12.
-2a6a1
Convert 200021010112100 (base 3) to base 13.
201ac8c
Convert 3b7ca6 (base 16) to base 12.
138011a
Convert -d51b17 (base 14) to base 6.
-414025025
What is 1101101111011110010111 (base 2) in base 12?
125881b
Convert 429074 (base 10) to base 12.
188382
What is -10110111011100000111 (base 2) in base 16?
-b7707
-938a27 (base 13) to base 12
-11a26a3
What is -1447702 (base 8) in base 6?
-12510550
364432 (base 10) to base 7
3045325
Convert -10626 (base 7) to base 16.
-a9b
2212002220012 (base 3) to base 15
1eea52
5a737 (base 12) to base 5
12401021
What is -61677 (base 12) in base 7?
-1036360
-1020210202 (base 3) to base 11
-17574
What is -100002211200 (base 3) in base 4?
-223300101
-212221120002 (base 3) to base 5
-110040331
Convert -23302121103 (base 4) to base 2.
-1011110010011001010011
What is 279399 (base 11) in base 15?
8975e
-a37769 (base 14) to base 7
-64604162
Convert 113400020 (base 6) to base 16.
2082cc
-23301221 (base 4) to base 3
-2110011102
-103324421 (base 5) to base 11
-287162
What is -3c186 (base 13) in base 8?
-333306
562187 (base 13) to base 16
1f0379
Convert -40b741 (base 12) to base 11.
-633975
Convert -4761016 (base 8) to base 6.
-43532354
-20214330 (base 5) to base 10
-163715
Convert -111100110001010110 (base 2) to base 5.
-30431133
Convert 506263 (base 7) to base 11.
59877
-4422704 (base 9) to base 14
-45c419
55021254 (base 8) to base 16
b422ac
-3075a3 (base 15) to base 5
-1042144103
What is -7919486 (base 10) in base 15?
-a667ab
113340415 (base 6) to base 16
20793b
-542260 (base 7) to base 8
-270401
-1211221002120 (base 3) to base 4
-3233323221
What is -22211100 (base 4) in base 9?
-65410
What is 444a97 (base 12) in base 2?
100001001010100010011
What is -10c695 (base 15) in base 7?
-6545225
Convert -47006 (base 12) to base 16.
-17346
What is -72795 (base 11) in base 9?
-171478
Convert 1154570 (base 11) to base 2.
111101011001010101111
Convert 11012324 (base 6) to base 12.
13a0a4
What is 9544b (base 15) in base 4?
1303211333
What is -12f682 (base 16) in base 6?
-42345254
What is 884b (base 12) in base 7?
61556
What is c89b2 (base 13) in base 2?
1011000010111110110
Convert -101001000001000100 (base 2) to base 4.
-221001010
11a127 (base 11) to base 10
189152
Convert -4edba (base 16) to base 11.
-200749
What is -3013331 (base 4) in base 9?
-18488
Convert 74895a (base 12) to base 4.
13001031112
-1302210 (base 4) to base 11
-5566
Convert 1000000011111001110100 (base 2) to 